6*x - 8. Let j be q(6). Let n(a) = a**2 + 6*a - 13. Let i be n(j). Let t(u) = -u**2 + 4*u - i*u + u + u + 5. Calculate t(5).
-5
Let i(f) = f**3 - f**2 + f - 5. Let z(l) = l**3 + 13*l**2 - 12*l + 28. Let k be z(-14). Determine i(k).
-5
Let a(i) = -2*i - 17. Let h(p) = p + 8. Let n(g) = 3*a(g) + 7*h(g). Let b = 511 + -515. Give n(b).
1
Let c(x) be the second derivative of -x**4/12 + x**3/6 + x**2 + 2*x + 37. Determine c(2).
0
Suppose -2*s + 6 + 8 = 0. Let y = s - 7. Suppose y = -6*f + 2*f + 16. Let j(r) = r**3 - 3*r**2 - 2*r - 2. What is j(f)?
6
Let j(v) = 7 - 3*v + 0*v - 3 + 2. Let f(t) = -5*t. Let u(o) = -6*o - 1. Let l(g) = -4*f(g) + 3*u(g). Let q(k) = -3*j(k) - 5*l(k). What is q(-6)?
3
Let j = -35 + 10. Let n = 22 + j. Let a(s) = s**3 + 3*s**2 - s. Calculate a(n).
3
Let v be (-102)/(-42) + (-8)/(-14). Suppose -v*b + i + 26 = 0, -3*i + 8*i = -25. Let o(g) = -8*g + 6 + b*g + 0*g. What is o(4)?
2
Let b be 4/12*(114 - 0). Let c be 4/14 + b/14. Let k(q) = -c - 3*q + 3*q - q. Calculate k(4).
-7
Let d = -32 + 104. Let s be (-4)/(-10) - d/(-20). Let j(g) = -g**2 + 3*g + 1. Determine j(s).
-3
Let l(w) be the third derivative of w**4/6 - 3*w**3/2 + 2*w**2 - 33. Give l(-7).
-37
Let p = -232 + 234. Let u(k) = -1. Let w(s) = s**2 - s - 2. Let l = 7 + 1. Let z(o) = l*u(o) - 3*w(o). Calculate z(p).
-8
Let j(s) = -5 + 3*s + 50 - 41. Determine j(9).
31
Suppose 5*o + 2*w + 2*w = -16, 3*w - 7 = o. Let x(r) = -2*r**2 - r - 3. Determine x(o).
-31
Let l(h) = 7*h**2 - h. Suppose -n + 54 = -3*u + 50, 4*n = -2*u + 2. Calculate l(u).
8
Let w(d) be the third derivative of -d**6/120 + d**5/10 + 5*d**4/24 - d**3/3 + 376*d**2. What is w(7)?
-16
Let v(m) = 9*m**2 + 10*m - 11. Let j(z) = -z**2 - z + 10. Let g(u) = u**2 + u - 21. Let r(c) = 4*g(c) + 9*j(c). Let n(k) = -11*r(k) - 6*v(k). Calculate n(5).
0
Let x(n) be the second derivative of -n**4/12 + 7*n**2/2 - 64*n. What is x(0)?
7
Let w(a) = a - 6. Suppose 0 = l - 18 + 13. Let m be l - ((-6)/(-3))/(-2). What is w(m)?
0
Suppose 0 = -9*r + 3*r. Let h(z) = -z**3 + z**2 + z + 13. Determine h(r).
13
Let t(q) be the third derivative of q**7/840 - q**6/60 + q**5/30 - 3*q**4/8 - 5*q**3/6 - 14*q**2. Let k(h) be the first derivative of t(h). Determine k(6).
15
Let z(y) = 5 + y - 3290*y**2 - 5 + 3293*y**2. Calculate z(-2).
10
Let d = -102 - -110. Let p(s) = -2*s + 2. Determine p(d).
-14
Let y(h) = -3*h + 11. Let p(m) = -m**3 + 5*m**2 + 5*m. Let j be p(6). Let w(d) = -d + 4. Let c(x) = j*y(x) + 17*w(x). Determine c(-6).
-4
Let n(x) be the first derivative of 4*x - 1/12*x**4 + 1 + 2*x**2 + 1/3*x**3. Let m(z) be the first derivative of n(z). Determine m(4).
-4
Let m = 557 + -561. Let p(t) = -3*t - 1. Give p(m).
11
Let z be (4/3 - 2)*3. Let i(j) be the second derivative of -j**3/3 + j**2 - 241*j. Calculate i(z).
6
Suppose -3*l = -4*l. Suppose -3 = -3*x - 5*w, -2*w - 12 = -x - l*x. Let a be 6/(x/(-4) - -3). Let z(d) = d**3 - 5*d**2 + 4*d + 4. Calculate z(a).
4
Let h(r) = 0 - 1 + 28*r + 16*r - 67*r. What is h(-2)?
45
Let n(c) = -c - 3. Let m(a) = -2*a**3 - 119*a**2 - 57*a + 99. Let r be m(-59). Give n(r).
16
Let b(y) = 3*y**3 + 2*y**2 + 2*y + 2. Suppose 5*z - 15 = -4*w, -5*w = -4*z - 31 + 2. Let a(j) = j**3 - j**2 + j + 1. Let i(u) = z*b(u) + a(u). Calculate i(-2).
5
Let n(c) = -c**2 + c - 7. Let i be 5 + (9/(-3) - -2). Let g(u) = -3*u + 12. Let w be g(i). Calculate n(w).
-7
Let l(j) = j**3 - 2*j**2 - 4*j. Let z be ((-6)/(-10))/(2/10). What is l(z)?
-3
Let c(z) = 2*z - 16. Suppose -225*d = -212*d - 143. What is c(d)?
6
Let c(s) be the second derivative of -s**5/20 + s**4/4 - s**3/6 - s**2/2 + 5*s + 1. Suppose 0 = -d - 3*r - 13, -3*d - 3*r - 14 = r. Determine c(d).
1
Suppose h + 281 = 285. Let k(j) = -4*j + 4. Calculate k(h).
-12
Let t = 72 + -48. Let j = 17 - t. Let o(x) be the second derivative of x**4/12 + 7*x**3/6 + 5*x**2/2 + 189*x. Determine o(j).
5
Let s be 16 + -5 - (-9)/(-3). Let b(r) = 4*r - 24. Calculate b(s).
8
Suppose -6*c = -11*c. Let p(f) = c*f**3 - f**3 + 5*f**3 - f + f**2 + 2*f. Give p(-1).
-4
Let f(v) = 2*v**2 - 7*v - 5. Suppose -3*u - 3*o + 36 = 0, 5*u = 3*o - 14 + 34. Give f(u).
44
Let i(y) be the first derivative of 5*y**2/2 - 3*y - 118. Suppose -4*f = 5*j - f - 19, 1 = 5*j - 3*f. Determine i(j).
7
Let t(c) = c**2 - c + 1. Let g = 4 + -2. Let q be t(g). Let d be (-10)/q + 2/6. Let p(s) = -2*s + 1. What is p(d)?
7
Let u(d) = 190 - 83*d + 82*d - 183. Suppose -2*i = x - 12, -2*i - 3 + 9 = -2*x. Give u(i).
2
Let n(z) = -3*z**2 - 13*z - 7. Let f(l) = 2*l**2 - 2*l + 1. Let c(i) = f(i) + n(i). Determine c(-15).
-6
Let s = -75 - -87. Suppose -s*u = -7*u + 10. Let t(o) = o**3 - 3*o**2 - 2*o. Calculate t(u).
-16
Let q(y) = -4*y - 1 - 4*y + 4*y. Let o be (0 + (-2 - 0))/((-52)/78). Give q(o).
-13
Let v(t) = t + 7 + 10 + 11 + 2*t + 0. Determine v(-8).
4
Let p be ((-1)/(-2))/(1/6). Let y(g) be the first derivative of -g**3/3 + 3*g**2/2 + 615. Give y(p).
0
Let a(x) be the third derivative of -1/24*x**4 - 10*x + 0 - 1/2*x**3 - 2*x**2. Calculate a(4).
-7
Let s(l) be the first derivative of 3*l**2/2 - 5*l - 1375. Suppose -g = -2*j + 6 + 4, 5*j = g + 22. What is s(j)?
7
Let a(y) = -y**2 + 14*y - 15. Suppose 193 = 5*g + 133. Calculate a(g).
9
Suppose 22*j - 28 = 60. Let x(s) = -2 - 7 + 3 + 4*s - s. Calculate x(j).
6
Let r(v) be the second derivative of v**5/20 + v**4 + 13*v**3/6 + 9*v**2/2 + 39*v + 4. What is r(-11)?
-13
Let t(j) = 2*j + 4. Let y(i) = 3*i + 7. Let u(n) = -7*t(n) + 5*y(n). Give u(-16).
-9
Let d(m) = m**3 - 4*m**2 - 3*m + 3. Let i(w) = 2*w**3 - 5*w**2 - 3*w + 3. Let q be 3*((0 - (-10)/3) + -4). Let x(s) = q*i(s) + 3*d(s). What is x(-3)?
21
Let x(z) = z**3 + 4*z**2 + 1. Let c(p) = -p**2 - 7*p - 4. Let u = -9 + 2. Let o be c(u). Determine x(o).
1
Let o(x) = -9*x + 53. Let n = -1754 + 1760. Calculate o(n).
-1
Let b(o) be the first derivative of -5*o**4/2 - o**3/3 - o**2/2 + o + 210. Suppose -4*q + 5*v = 16, -13 = 4*q - 4*v - 1. Give b(q).
-11
Let i(r) = r**2 + 11. Let k be 4/(-6) - 16/(-24). Suppose 0 = 5*c + 3*l - 3, 0 = 3*c + l - k*l - 1. Determine i(c).
11
Let s(m) = -3*m**2 + 3*m. Let l(q) = 4*q**2 - 5*q - 1. Let n(p) = -5*l(p) - 7*s(p). Give n(-6).
17
Let b = 31 - 27. Let p(y) = -5*y**3. Let h be p(-1). Let m(x) = x - x + h*x - 2 - b*x. Calculate m(2).
0
Suppose c - 5*c + 5*q = -64, c + 4*q = 37. Suppose 5*m - c = -1. Suppose 0 = -4*p + m. Let a(x) = -10*x**2 - 1. Give a(p).
-11
Let s(y) = 16*y + 194. Let m be s(-13). Let a(h) = -h - 19. Give a(m).
-5
Suppose 3*s = -4*o + 7*s + 20, 0 = s + 3. Let q(f) be the first derivative of o*f + 0 - 2 - 5*f - 6 + 2*f**2. Calculate q(2).
5
Let s(x) = -5*x**2 - 6*x + 11. Let t(m) = 4*m**2 + 4*m - 8. Let q(g) = 5*s(g) + 7*t(g). Calculate q(-1).
4
Let n = 3 + -1. Let c be n*2 - (2 - 2). Suppose -c*b = -3*q - 0*q + 3, -3*b - 2 = -2*q. Let g(d) = -8*d**2. Determine g(q).
-8
Let g(c) = c**3 - c**2 - c - 7. Let p be g(3). Let r = -8 + p. Let n(x) = -x**3 - x**2 - 9. Calculate n(r).
-9
Let x(d) = 2*d**2 + 3*d - 2. Let i(v) = -13*v + 105. Let g be i(8). What is x(g)?
3
Let i(y) = 16*y + 9. Suppose 2*j + 5 + 4 = 5*n, -4*j - 4 = 4*n. Let f(a) = -4 + 1 + n - 2*a - a. Let o(h) = -11*f(h) - 2*i(h). What is o(-3)?
1
Let j(b) = b**2 + 7*b - 16. Suppose 20*g - 15 = 17*g, 3*u + 2*g = -17. What is j(u)?
2
Let w(m) = 6 - 6 - m**2 - 23 - 4 + m. Give w(0).
-27
Let p be 155/55 - (-2)/11. Let q(z) = 3*z**3 - 12*z**p - 7 + 8*z + 2*z**2 + 4*z**2 + 8*z**3. Suppose -2*h - 6 = -5*v, 2*h + v = -3*h + 39. Calculate q(h).
0
Let t(i) = 7*i - 5. Let p(a) be the second derivative of -7*a**3/3 + 9*a**2/2 - 10*a. Let x(o) = -4*p(o) - 7*t(o). Let c be (-1 - -4)*(-1)/(-3). Give x(c).
6
Let p(f) = -f**2 - 2*f + 1. Let o(r) = -7*r + 7. Let z(w) = -11*w + 11. Let j(x) = 8*o(x) - 5*z(x). Let k be j(14). Let h = k - -11. What is p(h)?
1
Suppose 5*r = -7*k + 3*k + 16, r = -2*k + 8. Suppose r = 8*y - 12*y + 16. Let c(b) = b - 4. What is c(y)?
0
Let p be (78/91)/(21/98). Let k(n) = -n**2 + 2*n + 4. Determine k(p).
-4
Let m(s) be the first derivative of -s**4/2 + s**3 + s**2/2 - 2*s - 148. Determine m(-2).
24
Let h(p) = -p**3 - 9*p**2 - 6*p + 14. Let v be h(-8). Let g(a) be the first derivative of -2*a**3/3 - 2*a + 2. What is g(v)?
-10
Let s(m) = m**3 - 18*m**2 + 54*m + 23. Let p be s(14). Let c be (2/1)/(-1) + 7. Let a(l) = 